re the prime factors of 1929?
3, 643
List the prime factors of 6157.
47, 131
List the prime factors of 62283.
3, 13, 1597
List the prime factors of 1634.
2, 19, 43
List the prime factors of 60743.
19, 23, 139
What are the prime factors of 7268?
2, 23, 79
What are the prime factors of 4690?
2, 5, 7, 67
List the prime factors of 2861.
2861
List the prime factors of 13413.
3, 17, 263
What are the prime factors of 39177?
3, 1451
What are the prime factors of 221?
13, 17
List the prime factors of 802.
2, 401
List the prime factors of 256.
2
What are the prime factors of 4603?
4603
List the prime factors of 2748.
2, 3, 229
What are the prime factors of 1976?
2, 13, 19
What are the prime factors of 5528?
2, 691
List the prime factors of 15982.
2, 61, 131
List the prime factors of 2578.
2, 1289
What are the prime factors of 364?
2, 7, 13
What are the prime factors of 5765?
5, 1153
What are the prime factors of 950?
2, 5, 19
What are the prime factors of 5288?
2, 661
What are the prime factors of 50147?
50147
What are the prime factors of 2920?
2, 5, 73
What are the prime factors of 6697?
37, 181
List the prime factors of 10290.
2, 3, 5, 7
List the prime factors of 269.
269
What are the prime factors of 36237?
3, 47, 257
What are the prime factors of 57729?
3, 7, 2749
List the prime factors of 5960.
2, 5, 149
What are the prime factors of 147106?
2, 73553
What are the prime factors of 6624?
2, 3, 23
List the prime factors of 51850.
2, 5, 17, 61
List the prime factors of 5549.
31, 179
What are the prime factors of 38634?
2, 3, 47, 137
What are the prime factors of 2139?
3, 23, 31
List the prime factors of 12.
2, 3
List the prime factors of 6784.
2, 53
What are the prime factors of 203?
7, 29
What are the prime factors of 1048?
2, 131
What are the prime factors of 55248?
2, 3, 1151
What are the prime factors of 294?
2, 3, 7
What are the prime factors of 90752?
2, 709
List the prime factors of 4062.
2, 3, 677
What are the prime factors of 1723?
1723
List the prime factors of 1304.
2, 163
What are the prime factors of 1377?
3, 17
What are the prime factors of 238?
2, 7, 17
What are the prime factors of 2051?
7, 293
List the prime factors of 83645.
5, 16729
What are the prime factors of 20041?
7, 409
What are the prime factors of 470?
2, 5, 47
List the prime factors of 83276.
2, 109, 191
What are the prime factors of 1621?
1621
What are the prime factors of 2831?
19, 149
What are the prime factors of 6521?
6521
What are the prime factors of 2193?
3, 17, 43
What are the prime factors of 1428?
2, 3, 7, 17
What are the prime factors of 38388?
2, 3, 7, 457
List the prime factors of 3984.
2, 3, 83
What are the prime factors of 4012?
2, 17, 59
What are the prime factors of 3364?
2, 29
List the prime factors of 29479.
41, 719
List the prime factors of 322.
2, 7, 23
List the prime factors of 923.
13, 71
What are the prime factors of 38263?
83, 461
What are the prime factors of 7326?
2, 3, 11, 37
List the prime factors of 379.
379
What are the prime factors of 6371?
23, 277
What are the prime factors of 100877?
7, 14411
List the prime factors of 7493.
59, 127
List the prime factors of 740.
2, 5, 37
List the prime factors of 559.
13, 43
What are the prime factors of 1098?
2, 3, 61
What are the prime factors of 1967?
7, 281
List the prime factors of 11484.
2, 3, 11, 29
List the prime factors of 12522.
2, 3, 2087
List the prime factors of 981.
3, 109
What are the prime factors of 1973?
1973
List the prime factors of 3649.
41, 89
What are the prime factors of 5821?
5821
List the prime factors of 11577.
3, 17, 227
List the prime factors of 5175.
3, 5, 23
List the prime factors of 15591.
3, 5197
List the prime factors of 10199.
7, 31, 47
What are the prime factors of 2497?
11, 227
List the prime factors of 19114.
2, 19, 503
List the prime factors of 15350.
2, 5, 307
What are the prime factors of 2217?
3, 739
List the prime factors of 9936.
2, 3, 23
List the prime factors of 105671.
251, 421
What are the prime factors of 3178?
2, 7, 227
What are the prime factors of 14981?
71, 211
What are the prime factors of 4155?
3, 5, 277
What are the prime factors of 3920?
2, 5, 7
List the prime factors of 2509.
13, 193
List the prime factors of 3311.
7, 11, 43
What are the prime factors of 61080?
2, 3, 5, 509
What are the prime factors of 26802?
2, 3, 1489
What are the prime factors of 5065?
5, 1013
List the prime factors of 89995.
5, 41, 439
What are the prime factors of 39760?
2, 5, 7, 71
What are the prime factors of 730?
2, 5, 73
List the prime factors of 8066.
2, 37, 109
What are the prime factors of 123826?
2, 101, 613
What are the prime factors of 17433?
3, 13, 149
List the prime factors of 37764.
2, 3, 1049
List the prime factors of 2470.
2, 5, 13, 19
What are the prime factors of 61982?
2, 17, 1823
What are the prime factors of 7403?
11, 673
What are the prime factors of 293?
293
List the prime factors of 1820.
2, 5, 7, 13
List the prime factors of 143429.
11, 13, 17, 59
List the prime factors of 1245.
3, 5, 83
List the prime factors of 170827.
170827
List the prime factors of 119689.
119689
List the prime factors of 15998.
2, 19, 421
What are the prime factors of 1853?
17, 109
What are the prime factors of 773?
773
List the prime factors of 6669.
3, 13, 19
List the prime factors of 7638.
2, 3, 19, 67
What are the prime factors of 3373?
3373
What are the prime factors of 758?
2, 379
What are the prime factors of 1376?
2, 43
What are the prime factors of 49056?
2, 3, 7, 73
What are the prime factors of 1205?
5, 241
List the prime factors of 56976.
2, 3, 1187
List the prime factors of 1995.
3, 5, 7, 19
List the prime factors of 3956.
2, 23, 43
List the prime factors of 1499.
1499
What are the prime factors of 6501?
3, 11, 197
List the prime factors of 7067.
37, 191
List the prime factors of 12680.
2, 5, 317
What are the prime factors of 2626?
2, 13, 101
List the prime factors of 4039.
7, 577
List the prime factors of 7373.
73, 101
What are the prime factors of 37587?
3, 11, 17, 67
What are the prime factors of 7765?
5, 1553
What are the prime factors of 2941?
17, 173
What are the prime factors of 4756?
2, 29, 41
List the prime factors of 6021.
3, 223
List the prime factors of 3523.
13, 271
List the prime factors of 2837.
2837
What are the prime factors of 44?
2, 11
List the prime factors of 787.
787
List the prime factors of 18920.
2, 5, 11, 43
What are the prime factors of 37156?
2, 7, 1327
List the prime factors of 1821.
3, 607
What are the prime factors of 28621?
28621
What are the prime factors of 27036?
2, 3, 751
List the prime factors of 3477.
3, 19, 61
List the prime factors of 20838.
2, 3, 23, 151
List the prime factors of 5578.
2, 2789
List the prime factors of 1014.
2, 3, 13
What are the prime factors of 15071?
7, 2153
What are the prime factors of 3625?
5, 29
What are the prime factors of 47645?
5, 13, 733
What are the prime factors of 150289?
137, 1097
What are the prime factors of 9440?
2, 5, 59
List the prime factors of 9942.
2, 3, 1657
What are the prime factors of 5103?
3, 7
List the prime factors of 19109.
97, 197
What are the prime factors of 71003?
19, 37, 101
What are the prime factors of 7011?
3, 19, 41
List the prime factors of 7453.
29, 257
What are the prime factors of 1389?
3, 463
What are the prime factors of 2439?
3, 271
What are the prime factors of 52940?
2, 5, 2647
What are the prime factors of 2367?
3, 263
What are the prime factors of 13887?
3, 1543
List the prime factors of 41801.
41801
What are the prime factors of 56459?
13, 43, 101
What are the prime factors of 3199?
7, 457
List the prime factors of 1827.
3, 7, 29
What are the prime factors of 114602?
2, 57301
List the prime factors of 15190.
2, 5, 7, 31
What are the prime factors of 25247?
25247
What are the prime factors of 12?
2, 3
List the prime factors of 2775.
3, 5, 37
List the prime factors of 5978.
2, 7, 61
What are the prime factors of 1599?
3, 13, 41
List the prime factors of 5347.
5347
What are the prime factors of 1713?
3, 571
What are the prime factors of 10685?
5, 2137
What are the prime factors of 1036?
2, 7, 37
What are the prime factors of 14881?
23, 647
What are the prime factors of 2693?
2693
List the prime factors of 1591.
37, 43
What are the prime factors of 118?
2,